55, 2*w - 99 = 3*q. Calculate the remainder when w is divided by 13.
12
What is the remainder when (54 - 2)*(1 - 0) is divided by 14?
10
Suppose 3*o - m - 9 = m, 2*o - 1 = 3*m. Suppose s = o*s. Suppose -x - 32 = -5*x - 3*d, s = d - 4. Calculate the remainder when x is divided by 3.
2
Let o(z) = 25*z**2 + 5*z + 4. What is the remainder when o(-1) is divided by 9?
6
Let t(c) = c**2 + 5*c - 5. Suppose r - 3 = 1. Let d be t(r). Suppose -2*v + 9 = -d. Calculate the remainder when 58 is divided by v.
18
Let v = -80 - -89. What is the remainder when 62 is divided by v?
8
Let d = 1 + -5. Let j = d - -16. Calculate the remainder when j is divided by ((-21)/9)/((-2)/6).
5
What is the remainder when 150/4 + -2 + (-11)/22 is divided by 12?
11
Let s(u) = -u**3 + 10*u**2 + 17*u - 16. Calculate the remainder when s(11) is divided by 13.
11
Suppose 2 = -2*r + 4. Let a be -2 + 6 + -1 + r. Calculate the remainder when 31 is divided by 2/(-4) - (-46)/a.
9
Let o be 29*-1 - 2/2. Let v = -5 - o. Let r = 57 - v. What is the remainder when r is divided by 11?
10
Let g(h) = h**3 + h**2 + h + 1. Let j be g(-1). What is the remainder when 35 is divided by j/1 - (-133)/7?
16
Let i = 485 + -482. Let g = 2 + 1. Suppose -20 = v - g*v. Calculate the remainder when v is divided by i.
1
Let j(o) = o + 36. What is the remainder when -19*(2 + 0)*-1 is divided by j(-16)?
18
Let u(b) = -4*b + 8. Let w be u(9). Let j be (-8)/w + 26/7. Suppose 5*k - j*t = 47, 4*k - 29 = 2*t + 11. What is the remainder when k is divided by 3?
2
Let t(n) = n**2 + 7*n - 4. What is the remainder when 53 is divided by t(-9)?
11
Let q(p) = p**2 - 5*p. What is the remainder when 1*3 - (-29 + 4 + 3) is divided by q(7)?
11
What is the remainder when 73 is divided by (-2)/6 - 174/(-9)?
16
Suppose 53 = 2*b + 19. What is the remainder when 31 is divided by b?
14
Suppose 0*i = -4*f - 3*i + 91, 87 = 4*f - i. What is the remainder when 42 is divided by f?
20
Let r(h) = -12*h - 3. Calculate the remainder when r(-4) is divided by (98/(-63))/(-7) - (-212)/18.
9
Let l = 21 + -12. Suppose v - l = -0. Suppose -3*h + 66 = 3*c, 111 = 5*c - 4*h - 35. Calculate the remainder when c is divided by v.
8
Suppose -3*y = 4*n - 19, -3*n + n = 2*y - 16. Calculate the remainder when 46 is divided by y.
7
Let j(v) be the first derivative of v**4/4 - 5*v**3/3 + 2*v**2 - 3*v + 1. Calculate the remainder when 32 is divided by j(5).
15
Let d = -13 - -33. Let n(w) = 3*w**2 + w + 15. What is the remainder when n(-4) is divided by d?
19
Let d(n) = -12*n + 17. Let a(y) = -23*y + 34. Let u(p) = -6*a(p) + 11*d(p). What is the remainder when u(7) is divided by (0 - 4)*9/(-4)?
7
Let g be (-8 - 0)*(-7)/7. Let r = g - 9. Let h = r - -14. Calculate the remainder when 24 is divided by h.
11
Suppose 0*q = q. Suppose q = -5*i - 0*i + 245. What is the remainder when i is divided by 13?
10
Calculate the remainder when 6/10 + 107/5 is divided by 6.
4
Let n(q) = -q**3 + 13*q**2 - 35*q + 1. What is the remainder when 102 is divided by n(5)?
24
Let t = 4 - -5. What is the remainder when t is divided by 3?
0
Let j be ((-6)/(-9))/((-2)/(-123)). Let f = -18 + j. Calculate the remainder when 67 is divided by f.
21
Suppose -4*u = -9 + 21, -4*u + 12 = 4*t. Suppose c + 7*q + 10 = 2*q, -5*q = 3*c - 20. Calculate the remainder when c is divided by t.
3
Suppose -1 + 253 = 3*r. Suppose -b = 29 - r. Let d(j) = 2*j**2 + 7*j - 1. Calculate the remainder when b is divided by d(-5).
13
Suppose -394 = -4*s - 162. What is the remainder when s is divided by 30?
28
Calculate the remainder when 2/(-5) + (-132)/(-5) is divided by 4/6 + (-646)/(-102).
5
Suppose 5*p - 42 = -3*c, -p - 28 = -2*c - 0*c. Suppose t + t - c = 0. Calculate the remainder when t is divided by 4.
3
Suppose -5*f = -f - 32. Suppose -4*g + f + 24 = 0. Calculate the remainder when g is divided by 5.
3
Let s = 23 - 15. Calculate the remainder when 9 is divided by s.
1
Let l = -5 + 12. Let t(d) = 2*d**2 + 4*d - 3. What is the remainder when t(2) is divided by l?
6
Let y = -16 + 37. What is the remainder when y is divided by 6?
3
Suppose -3*v + 0*v = 0. Let l = v + 31. Let s(j) = j**3 + 5*j**2 - 9*j - 2. What is the remainder when l is divided by s(-6)?
15
Let a be 112/20 - (-3)/(-5). Suppose -2*w + 13 = 3*n - a, n - 2 = 0. Calculate the remainder when 17 is divided by w.
5
Suppose 0 = -3*t + 3*b + 78, 2*t - 5*b = 3*t - 2. Calculate the remainder when (-1)/(-3)*0 + t is divided by 14/(-3)*18/(-7).
10
Suppose 3*j = j + 6. Suppose 3*f + 8*z - 56 = 3*z, -3*f - j*z = -54. What is the remainder when f is divided by 9?
8
Let k = -21 + 34. Suppose t = 24 + k. Calculate the remainder when t is divided by 13.
11
Let b(f) = -f + 1. Let n(l) = l**2 - 2*l. Let z(r) = -3*b(r) + 3*n(r). Calculate the remainder when 44 is divided by z(-2).
14
Calculate the remainder when -2 - (0 + -61 + -2) is divided by (0 + -21*1)/(-1).
19
Let b = 92 - 52. Let s = 24 - b. Let v = s - -24. What is the remainder when v is divided by 3?
2
Suppose 2*f + 169 = 3*y, 4*f - 102 = -3*y + y. Calculate the remainder when y is divided by 8.
7
Let a = -18 + 19. Let g(s) = -25*s**3 + 5*s**2 - 5*s. Let n(o) = o**3 - o**2 + o. Let w(y) = -g(y) - 6*n(y). What is the remainder when w(a) is divided by 11?
8
Let a be (3/1 + -37)*-4. Suppose 2*h - 5*x + 101 = 0, -5*h - 3*x - a - 132 = 0. Let i = -30 - h. What is the remainder when i is divided by 8?
7
Let p = 6 - 18. Let y = 20 + p. Let u = y - 6. What is the remainder when 7 is divided by u?
1
Let r(p) = p**3 - 2*p + 12. Calculate the remainder when 21 is divided by r(0).
9
Let g = 11 - 6. What is the remainder when 20 is divided by 1/(5/7)*g?
6
Let j = 7 - 1. Let w = 80 + -32. What is the remainder when w/(4 - 1) - 0 is divided by j?
4
What is the remainder when 34/3*(-6)/(-4) is divided by 10?
7
Let s(j) be the second derivative of -j**3/2 - 3*j**2/2 + j. What is the remainder when (-1)/(-3) - 444/(-18) is divided by s(-4)?
7
Suppose 3*h - 10 = 4*i, 0 = 4*h + h - i - 11. Let o(b) = b**3 + 2*b + b**3 + 2 - 2*b**2 + 0*b**3. What is the remainder when 39 is divided by o(h)?
11
Let i(a) = -50*a + 5. Calculate the remainder when i(-3) is divided by 39.
38
Let p(h) = -h**2 + 7*h + 5. Let i be p(6). Let q = i + -1. What is the remainder when -3 + 2 + 1 + 38 is divided by q?
8
Suppose 22 = r - 5*h, 4*h = 4*r - 49 + 9. Suppose 2*l + 4*d = -0*l - 40, 2*l = -d - 31. What is the remainder when (12/(-7))/(2/l) is divided by r?
5
Suppose 6*g - 6 = 3*g. Suppose g*b + 4*z = 18, 5*b + 16 - 39 = z. Calculate the remainder when b is divided by 4.
1
Suppose 4*f - 9*f + 2*w = -191, 4*w - 136 = -4*f. What is the remainder when 108 is divided by f?
34
Suppose 6*c - 150 = 36. Calculate the remainder when 61 is divided by c.
30
Suppose 9*d = -48 + 183. What is the remainder when 57 is divided by d?
12
Suppose -5*f - 154 + 739 = 0. Suppose f - 2 = 5*v. Suppose 2 = 3*n - 5*n, 4*w + 5*n - v = 0. What is the remainder when 13 is divided by w?
6
Let t(n) = -n**3 - 17*n**2 - n - 7. Let r(v) = 2*v**2 + 4*v. Calculate the remainder when t(-17) is divided by r(-3).
4
Suppose 4*z + 8 = -32. Calculate the remainder when 2/(-5) - 314/z is divided by 11.
9
Suppose 3*x = -x - 4*c + 48, 4*c + 15 = 3*x. Suppose -3*k - 4*z + 66 = -0*k, 5*z = 4*k - 119. Calculate the remainder when k is divided by x.
8
Let f(t) = -t**2 - 7*t - 10. Let x be f(-7). Let m(b) = b**3 + 10*b**2 - 5*b + 9. Suppose 4*w - 80 = -0*w. Calculate the remainder when m(x) is divided by w.
19
Suppose -108 = -3*t - 0*t. Calculate the remainder when 107 is divided by t.
35
Let r(k) = k**3 + 7*k**2 - 10*k - 2. Let x = -1 - -1. What is the remainder when (26 - (-1)/1) + x is divided by r(-8)?
13
Suppose -3*l = -l + 134. Let c = l - -102. Calculate the remainder when 67 is divided by c.
32
Let c(y) = -4 + 0*y + 2*y**2 + 1 + 3*y + 6. What is the remainder when 17 is divided by c(-2)?
2
Let k(b) = b + 1. Let q(w) = -7*w - 18. Let p(a) = -6*k(a) - q(a). What is the remainder when 19 is divided by p(-5)?
5
Let k(z) = -7*z - 1. Let i(p) = 7*p**2 - 2*p - 2. What is the remainder when i(2) is divided by k(-1)?
4
Let q(a) be the second derivative of -5*a**4/12 - a**3/3 - a**2/2 + a. Let c be q(-1). What is the remainder when (6/c)/3*-38 is divided by 10?
9
Let b = -132 - -192. What is the rema